16, what is 7b - -3de?
459
In base 10, what is -203 + 648?
445
In base 9, what is 110626 + -4?
110622
In base 8, what is 1 - -2162045?
2162046
In base 7, what is 56 + -226145?
-226056
In base 5, what is -2 - -123424?
123422
In base 12, what is 905005 + 4?
905009
In base 2, what is -110101100010 + -100?
-110101100110
In base 11, what is -32 + 36962?
36930
In base 2, what is -11010011100010101 - 1010?
-11010011100011111
In base 2, what is 10100001 + 1100111?
100001000
In base 9, what is 2 + -7162?
-7160
In base 7, what is 3244650 - -2?
3244652
In base 13, what is -1 + -232b3?
-232b4
In base 10, what is -114 - -14266?
14152
In base 12, what is -1 - -126?
125
In base 16, what is 4e + -5c?
-e
In base 4, what is -210 - 121132?
-122002
In base 12, what is -119911 + 1?
-119910
In base 6, what is -44030 + 3?
-44023
In base 8, what is -20 - 6336?
-6356
In base 7, what is -215464 + -1?
-215465
In base 14, what is -6 - 648d?
-6495
In base 9, what is -46714 + 1?
-46713
In base 14, what is 20a89 + 0?
20a89
In base 3, what is -2 + 2101000011?
2101000002
In base 7, what is -51 - 32?
-113
In base 12, what is 1 - 160939?
-160938
In base 2, what is -11100 - -1101101100111110?
1101101100100010
In base 16, what is -2c33 - -9?
-2c2a
In base 8, what is -5 + 43726?
43721
In base 6, what is -13042 + 34?
-13004
In base 7, what is -6362 + -2?
-6364
In base 8, what is 12 + -4404?
-4372
In base 12, what is -5b - -2504?
2465
In base 16, what is -5 - 4f7?
-4fc
In base 9, what is 67751 - -2?
67753
In base 14, what is 2 + a8d4?
a8d6
In base 4, what is -21200111 - 2?
-21200113
In base 12, what is -160 - 11b?
-27b
In base 2, what is -100101010101010001 + 10101?
-100101010100111100
In base 7, what is 0 - 12242?
-12242
In base 4, what is 1 - -1211302?
1211303
In base 11, what is -572 + 1?
-571
In base 11, what is -3256 + 409?
-2948
In base 13, what is 2c164 + 5?
2c169
In base 9, what is -1026 + -10746?
-11773
In base 7, what is -22166 + -550?
-23046
In base 7, what is 23135 - 4?
23131
In base 16, what is -1 - -9513?
9512
In base 9, what is 235 + 128?
364
In base 6, what is 41024 + -32?
40552
In base 11, what is -436 - 47?
-482
In base 13, what is 1c97 + -3b?
1c59
In base 13, what is -22 - 21b2?
-2204
In base 6, what is 15001112 + -5?
15001103
In base 9, what is -16 + 436?
420
In base 15, what is 1 - 1441?
-1440
In base 8, what is 4 - 11267?
-11263
In base 8, what is 127 + 23?
152
In base 6, what is -2044520 - -3?
-2044513
In base 8, what is -72034 + -3?
-72037
In base 3, what is -21001202 - -10010?
-20221122
In base 10, what is 76871 + 5?
76876
In base 4, what is -1101032221 + 23?
-1101032132
In base 15, what is 0 + -2457d?
-2457d
In base 5, what is -211432 - -112?
-211320
In base 13, what is -cbb + -37a?
-1368
In base 5, what is -2110 + 31?
-2024
In base 3, what is 210200 - -120101?
1101001
In base 4, what is 1031 - -2110231?
2111322
In base 16, what is ba4e + -5?
ba49
In base 11, what is -44293 + -15?
-442a8
In base 12, what is 48 + 51?
99
In base 12, what is 24 - -a4a?
a72
In base 13, what is -b23a + -2?
-b23c
In base 8, what is -3233433 + 0?
-3233433
In base 7, what is -2206335 + -5?
-2206343
In base 13, what is 159a - -3?
15a0
In base 15, what is -e4 - 88?
-17c
In base 14, what is a0 + 54c1?
5581
In base 15, what is -440c9 - 0?
-440c9
In base 4, what is 301 + 232?
1133
In base 7, what is -25361 + 6?
-25352
In base 15, what is 31cd1 - -11?
31ce2
In base 11, what is 3a + 18370?
183aa
In base 6, what is -3 - 12235?
-12242
In base 6, what is -101552 + 41?
-101511
In base 10, what is -710859 - 1?
-710860
In base 15, what is 4b + -7a?
-2e
In base 3, what is -200010 + -102221?
-1010001
In base 4, what is -10 + 133323033?
133323023
In base 12, what is -5 - -3115?
3110
In base 3, what is -110002110 + -10?
-110002120
In base 15, what is 5 + 3c07?
3c0c
In base 6, what is -243552 - -4?
-243544
In base 3, what is 111122 + -10201002?
-10012110
In base 15, what is 1 + 86e81?
86e82
In base 14, what is -11d0 + 8a?
-1144
In base 10, what is 726806 + 5?
726811
In base 14, what is -203 + 65?
-17c
In base 12, what is b0049 + 4?
b0051
In base 5, what is 30423240 - 30?
30423210
In base 10, what is 2675 + -3?
2672
In base 13, what is 6 + -4695?
-468c
In base 11, what is 5 - 1a024?
-1a01a
In base 7, what is 151 - 10210?
-10026
In base 5, what is 302312 - 1?
302311
In base 15, what is -74 + -34c?
-3c1
In base 15, what is -36a - -1b?
-34e
In base 2, what is 110101110011100111 + -1010?
110101110011011101
In base 6, what is -1241104 - 2?
-1241110
In base 7, what is 265 - -56?
354
In base 6, what is 1010 + -53112?
-52102
In base 8, what is -3 - 265525?
-265530
In base 11, what is 10 + 3765?
3775
In base 7, what is -3 - 1656220?
-1656223
In base 12, what is 27 - 27?
0
In base 12, what is 28585 - 4?
28581
In base 8, what is -135 - 3501?
-3636
In base 10, what is 10939 - -5?
10944
In base 7, what is -56202 + -113?
-56315
In base 13, what is -b5b8 + -5?
-b5c0
In base 13, what is a99a5 + 3?
a99a8
In base 9, what is -5 + 157843?
157837
In base 13, what is -6c - 163ba?
-16459
In base 8, what is -25652 + 10?
-25642
In base 12, what is 45794 - -2?
45796
In base 12, what is -a1 - -967?
886
In base 11, what is -3516 - 10?
-3526
In base 13, what is 3 - 1ab2?
-1aac
In base 2, what is -10000 - 1011001101101100?
-1011001101111100
In base 2, what is 1100101111000001 - 11?
1100101110111110
In base 11, what is -5 - -34a5?
34a0
In base 9, what is 175 - -64?
250
In base 5, what is -2012430231 - -10?
-2012430221
In base 2, what is -101101010001011 - -11000?
-101101001110011
In base 2, what is -1111001 - -101001111000?
100111111111
In base 5, what is 32 - -3111144?
3111231
In base 8, what is 12424 + -4?
12420
In base 11, what is -225 - -309?
94
In base 3, what is 11010202 + -101210?
10201222
In base 13, what is cc57 + 1?
cc58
In base 5, what is -4240302 - 240?
-4241042
In base 11, what is -1a391 - 3?
-1a394
In base 6, what is 50244445 + 5?
50244454
In base 16, what is -1654e7 - 1?
-1654e8
In base 6, what is 2 + -244024?
-244022
In base 11, what is -393 - 2?
-395
In base 12, what is 85 - -114?
199
In base 9, what is 2 + -30273?
-30271
In base 3, what is 11 - 1112012121?
-1112012110
In base 4, what is 323201013 + 11?
323201030
In base 7, what is 2 - -51114?
51116
In base 6, what is 4 + -3012051?
-3012043
In base 2, what is 100010101000010101 - 1101?
100010101000001000
In base 13, what is -185 + 29?
-159
In base 4, what is 1020 + 2112?
3132
In base 3, what is -1012 - -10012121001?
10012112212
In base 10, what is 20 - -181779?
181799
In base 7, what is 5 - 1145115?
-1145110
In base 16, what is -18c5 + 6d?
-1858
In base 14, what is -104a2 - 6?
-104a8
In base 6, what is 55225 + 100?
55325
In base 3, what is 121 + -1100202?
-1100011
In base 16, what is -5006 - -18?
-4fee
In base 15, what is -1055 - -d?
-1047
In base 12, what is -473753 + 5?
-47374a
In base 13, what is 62b1 - 68?
6246
In base 7, what is 1614506 + -1?
1614505
In base 10, what is 680 + 319?
999
In base 9, what is -1 + 6772?
6771
In base 8, what is -2176 - -7?
-2167
In base 12, what is 11545 + -113?
11432
In base 3, what is 120212200 - -202?
120220102
In base 7, what is 5 - 36164?
-36156
In base 15, what is 2 + -418e0?
-418dd
In base 11, what is 2529875 + 1?
2529876
In base 10, what is 5 + -77234?
-77229
In base 8, what is -1 - -62314?
62313
In base 11, what is -56 + 1609?
1563
In base 6, what is 40114 - -34?
40152
In base 11, what is -1 + -10393?
-10394
In base 3, what is 110012100 - -20?
110012120
In base 5, what is 1 - -20433422?
20433423
In base 7, what is -22223 - -22?
-22201
In base 2, what is 10010101001111 - 1010?
10010101000101
In base 4, what is -3 - -2232122?
2232113
In base 14, what is -61d - 181?
-7a0
In base 5, what is -2 + -3021320?
-3021322
In base 14, what is bb62 - 1?
bb61
In base 15, what is 5 - d8389?
-d8384
In base 7, what is 14243353 - -3?
14243356
In base 14, what is -4cb7 - 54?
-4d2b
In base 13, what is 2a70 - -448?
31b8
In base 11, what is 19 - 627?
-609
In base 9, what is 100 - 453?
-353
In base 10, what is -1331 + -91?
-1422
In base 10, what is -2915 - -159?
-2756
In base 4, what is 111 - -13321332?
13322103
In base 15, what is 18 - 1ca?
-1b2
In base 11, what is 7548 - 3?
7545
In base 5, what is -312 + 10120141?
10114324
In base 14, what 